+ -2 + 3?
3
Evaluate (-1 - (2 - 6)) + -7.
-4
Evaluate (2 - (-13 + 35)) + 13.
-7
-2 - ((-11 - -12) + (-3 - -1))
-1
What is the value of (10 - 16) + 1 + -2?
-7
What is the value of 0 + -1 - (4 + -1 - 0)?
-4
What is the value of -7 + (-1 - -4) + -3 + 2?
-5
Calculate 5 - 1 - (17 - 17).
4
Calculate -8 - (5 - (5 + -8 + 10)).
-6
-2 + 1 + 2 + (6 - 1)
6
(2 + -2 - 1) + -1 + 7
5
What is the value of (-6 - -3 - -10) + 0?
7
What is the value of 5 - -6 - -1 - 11?
1
Calculate -4 + (-2 - -2) + 0 + 3.
-1
What is -19 + 25 - (11 + -3)?
-2
What is (4 - (3 - (4 + -3))) + 3?
5
Calculate (11 + 1 - (20 - 21)) + -6.
7
Calculate 4 + 1 + (-7 - (-7 + 2)).
3
What is -2 + 1 + 1 + 2?
2
What is 0 + -5 + 0 + 4?
-1
What is the value of 2 + (-1 + -4 - 2)?
-5
Calculate (1 - 5) + 15 + -16 + 0.
-5
-3 - (-2 - -3 - 6)
2
-3 + 13 + (-28 - -28)
10
Evaluate (-1 - (4 + -6)) + (-1 - -5).
5
What is the value of -1 + -3 + 2 + -2 + 0?
-4
What is 2 - 1 - (5 - 0) - 2?
-6
Calculate -2 + (1 - 6 - (2 - 4)).
-5
What is -4 + (11 - (9 - 4))?
2
Evaluate 1 + 3 + (-6 + 9 - 6).
1
What is 4 - 1 - (2 - (-5 - -3))?
-1
What is -13 + -22 + 10 + 32?
7
What is the value of -4 - (-7 - (4 + 1 + -2))?
6
Calculate -2 - (6 - (13 - 4)).
1
Evaluate (2 - 2) + -1 + 2 + -2.
-1
Evaluate 0 - ((2 - (1 - -1)) + -1).
1
-3 + (-2 - 0) - (0 - 3)
-2
Evaluate -4 + 24 + -5 + -10.
5
(2 - (0 - -3)) + 5 + 0
4
-3 + 2 + 2 + 7 - 4
4
What is 0 - ((6 - 3) + 2)?
-5
Calculate -6 - (13 - -1 - 10).
-10
What is the value of 2 + -1 + (-1 - (-8 - -13))?
-5
What is the value of (-5 - -3) + (14 - 0 - 7)?
5
-3 - (-6 - (-3 + -6))
-6
Calculate -10 + (-3 - -8) + 4 - -7.
6
What is -1 - ((-3 - -9) + -5)?
-2
-5 + (-4 - -6) + 6 + -8
-5
Calculate -2 + 7 + (-8 - -4).
1
What is the value of -3 - -2 - -1 - (6 - 6)?
0
Calculate -5 - (0 - 6) - (-1 + 1).
1
4 - 2 - (-5 - -2)
5
7 - 4 - -2 - 1
4
Calculate (-4 + -1 - (-3 + 1)) + -3.
-6
Evaluate -6 + (-9 + 13 - -3).
1
What is -5 + 2 - (-4 + -1)?
2
Evaluate -33 + 25 + (0 - -3) + -1.
-6
What is 14 - (-12 + (18 - -2))?
6
What is 4 + -2 - -9 - 8?
3
What is 1 + 0 - (-5 - (-22 + 14))?
-2
Evaluate 6 + 2 + -9 + 8.
7
(-6 - -12) + (-3 - -4) + -2
5
What is the value of (7 - 7 - -3 - 9) + 2?
-4
Calculate (-4 - (-6 - -1)) + -1.
0
Calculate -9 + 13 + -4 + (4 - 1).
3
Calculate (-8 - -6) + (-2 - (0 - -1)).
-5
(-4 - 0) + (-1 - -8) - 0
3
(-1 + 2 - -2) + 0 + 0
3
Calculate (3 - (7 + 2)) + (-25 - -27).
-4
What is the value of 0 + -1 - (-8 + 7) - -2?
2
2 + -7 + 1 + 0
-4
-30 + 26 + (0 - -2)
-2
Calculate -7 - (3 - 6 - 0).
-4
3 - ((7 - -3) + -8) - -3
4
Evaluate -3 + (11 - 5) + (-2 - -5).
6
-3 + 1 + 0 + (-2 - 0)
-4
What is -6 - -9 - (-7 - -14 - 9)?
5
What is the value of (-1 - 0) + -6 + (-27 - -36)?
2
Evaluate -9 + (7 - (4 + -5)).
-1
5 + -9 + 4 - (-2 + 1)
1
What is the value of -1 - (-5 - (0 + -4))?
0
Evaluate -2 + -1 + (-3 - -2 - -2).
-2
(6 - 4) + -3 + 0 + -4
-5
-1 - ((8 - 22) + 9)
4
0 + (-3 - (1 - 0))
-4
Calculate -4 + (7 - 3) + -1.
-1
What is 0 + (-2 - 0) - -6?
4
Calculate 1 + -6 - (-4 - 1) - -2.
2
What is -5 + 2 + (7 - 5)?
-1
Evaluate -7 + 4 - -2 - (2 + -2).
-1
Calculate (0 - (-9 + 2)) + -14 + 8.
1
5 + -3 + (11 + -12 - -2)
3
0 + -1 + 14 + -10
3
What is the value of 0 - (7 + (0 - (-6 - -6)))?
-7
-3 + -1 + 1 + 3 + -1
-1
What is (0 - -1) + 3 + (-9 - -4)?
-1
What is the value of -5 + 6 + (-4 - (4 + -7))?
0
What is the value of 1 + -1 + -1 + (45 - 47)?
-3
4 - (4 + -7 + 2)
5
Calculate 6 + (-3 - 4) - 1.
-2
Evaluate 3 + -3 - (6 + -11).
5
What is 5 - (8 - (2 + -4))?
-5
What is the value of (-1 - -8) + (2 - 15)?
-6
What is the value of (2 - 0) + (-24 - -31)?
9
Calculate (55 - 58) + 10 + 1.
8
What is the value of -6 - 2 - (5 - 8)?
-5
What is -1 + (-1 + 4 - (-10 - -7))?
5
(19 - 23 - (-3 + 0)) + 11
10
(-2 + 5 - 5) + -3
-5
7 + -6 + -13 + 6
-6
What is the value of 35 + -40 + (0 - -9)?
4
Evaluate 5 - (-5 - (-3 + 0 + -5)).
2
What is the value of -7 - (-6 - (-6 - -3))?
-4
What is the value of 0 + 9 + 6 - 9?
6
What is -1 - -2 - (5 + 1)?
-5
Calculate (0 - -11) + (-72 - -75) - 7.
7
What is (-4 - -9) + (4 - 6)?
3
-9 + (2 - -11) - (4 - 0)
0
Calculate (5 - 2) + -2 + 5 + 0.
6
Calculate (-3 - -11) + -6 - (-1 - -2).
1
Calculate (-2 - (-2 - 0)) + 0 + -4.
-4
-2 - (0 - (-5 - -7))
0
Calculate 5 - (1 + 3 + -1) - 1.
1
Calculate -19 + 10 + 1 + 13.
5
Evaluate -8 + (-4 - -5) + -1 + 0.
-8
(-1 - -1) + (4 - 6)
-2
What is -4 - -5 - -4 - (1 - -4)?
0
Calculate -1 + 3 + -1 + 0 + -2.
-1
What is 0 - 4 - (3 - (-8 + 16))?
1
Evaluate -1 + (-8 - -1 - (12 - 17)).
-3
What is the value of -6 + 2 + -3 + 2 + 6?
1
What is the value of 2 - 4 - -3 - 6?
-5
Calculate 0 + (-4 - -3) + -3 - -2.
-2
What is the value of 0 + (1 - (3 - 7))?
5
Evaluate (5 - (-12 + 6)) + -5.
6
-12 + 15 + (-10 - 1)
-8
Evaluate -8 - (-21 + 10) - (0 + 1).
2
Calculate -2 + 1 - -1 - 2.
-2
What is the value of 2 + 1 - (-2 + 4 + -4)?
5
Evaluate 9 - (-5 - (7 + -16)).
5
What is 11 - ((-5 - -6) + -1) - 4?
7
Evaluate (1 - -3) + (-108 - -109).
5
-4 + 7 - (5 - -1 - 0)
-3
Evaluate 17 - 17 - (1 + -5) - 3.
1
What is 1 - ((3 - 11) + 5)?
4
What is the value of 2 - (-3 - (-5 - -2))?
2
What is the value of -2 + 4 + -7 + -1 - -5?
-1
Evaluate (-3 - 2) + 1 + 9 + -3.
2
Evaluate -20 + (4 - (-17 + 9)).
-8
-6 + (12 - 1) + -6
-1
What is the value of (5 - (-2 - 4)) + -9?
2
What is 3 + -8 + 13 + -10?
-2
Calculate 6 + -7 + (-9 - -4) - -8.
2
What is the value of -1 - 2 - (0 + (-6 - 2))?
5
Calculate -5 + 11 + -13 + 5.
-2
4 + (2 - (-2 - (3 - 6)))
5
Evaluate -3 - (3 - 3) - (-1 - 0).
-2
What is the value of -7 + 8 + -2 + -1?
-2
Evaluate -3 + (5 - (4 + 2)).
-4
-4 + 3 + -6 + 13
6
(-12 - -6) + (-1 - (-15 - 0))
8
What is the value of (-3 - 1 - (-30 - -33)) + 4?
-3
Calculate 9 + -2 - (5 - -12).
-10
Calculate 2 - ((-1 - (-1 + -2)) + 0).
0
What is the value of -2 + (-2 + -2 + 3 - -1)?
-2
Evaluate 2 + (-8 + 6 - 5 - -4).
-1
What is the value of 0 + -1 + -4 + -1 + 2?
-4
Calculate 12 - (2 + 0 - -4).
6
Calculate (-4 + 5 - 5) + (-1 - -4).
-1
Calculate -3 + (-6 + 4 - -1) - -2.
-2
Calculate 4 + -1 + 6 + -4.
5
Evaluate (-17 + 11 - (-1 + -1)) + -1.
-5
-6 + 1 + 4 + -11 + 8
-4
Calculate (-4 - (6 - 14)) + 1 + -4.
1
What is the value of 5 - (-8 - -14) - -4?
3
Calculate (0 - 0 - 7) + (5 - 2).
-4
Calculate -11 - (-10 - (9 + -12)).
-4
10 + -13 - (-10 + 5 + -3)
5
Calculate (21 - 24) + (-2 - -1).
-4
-3 - (4 - 6 - -2)
-3
-3 - (1 - -3) - (-19 + 6)
6
Evaluate 2 + 5 + -6 - -2 - 2.
1
What is 1 - -1 - (-2 - 4 - -7)?
1
What is the value of -4 + -3 - -4 - 0?
-3
What is the value of 0 + 0 + (8 + -15 - -2)?
-5
What is the value of -13 - -10 - (-6 - 1)?
4
Evaluate 1 + -8 + 3 - (3 - 6).
-1
Evaluate 5 + -3 + -2 - (1 - -1).
-2
What is -1 - -3 - 1 - (3 - -1)?
-3
Calculate 16 + -10 + -1 + -1.
4
Calculate -4 - (-8 - -3 - (-12 + 8)).
-3
Calculate 1 - 3 - (8 - 5).
-5
What is 2 + (6 - 0 - 5)?
3
Evaluate 0 + 1 - (29 + -15 - 10).
-3
(-2 - (-2 + 0)) + 4
4
What is 1 + -1 + -4 + (0 - -4)?
0
Calculate 1 + (4 - 4) + 4.
5
What is the value of 10 - (4 + -3 + 7 - 0)?
2
What is 1 + 0 + -12 + 10 + -4?
-5
What is 0 + (1 - -9) - 15?
-5
What is 2 - (4 - (2 - 2) - 2)?
0
What is the value of 5 + 5 + -9 + 3?
4
What is 7 - (-2 + 11 + -5) - -3?
6
5 + -5 + (-4 - -4)
0
What is the value of -2 + 4 + 4 + -9?
-3
Calculate (5 + -3 - 0) + -2 + 4.
4
Calculate -6 - (-2 + -3) - 2 - 2.
-5
(0 - (5 - 2)) + (-2 - -6)
1
Calculate (1 - -1) + -5 + -1 - 1.
-5
(-1 - (-3 + 1)) + (-1 - 0)
0
Evaluate (2 - 10) + 2 - -3.
-3
7 + -6 + (-2 - -2)
1
What is the value of 1 + 1 - (4 - -3 - 5)?
0
Evaluate 0 + 0 + -2 + 5 + 0.
3
What is the value of (2 - (10 + -6)) + 2 + 2?
2
What is -2 - (-3 - (2 + -1) - -6)?
-4
Evaluate -5 + 5 - (8 - 3).
-5
Calculate 13 + 0 + 0 + -10.
3
What is -3 + 2 + 1 + -3 + 2?
-1
What is 2 - (-6 + 4 + 0)?
4
What is the value of -3 + 2 + -3 + -2 + 3?
-3
What is the value of -3 - (1 - ((-4 - -1) + 4))?
-3
Evaluate -2 - (3 - (-2 + 4 + 5)).
2
What is 5 - (3 - -6) - -5?
1
Evaluate 6 + -1 + (-2 - 0).
3
Calculate 15 - 12 - (1 + (2 - 6)).
6
What is the value of (-3 - 3) + 5 + 3?
2
Evaluate 3 + (-6 - 1) - -4.
0
3 + -5 + 3 + (-1 - 6)
-6
Evaluate 1 + -4 + 22 + 0 + -13.
6
What is the value of 30 + -15 - (4 + 2)?
9
Calculate -4 - (2 - (6 - 4)).
-4
What is -16 + (4 - -4) - -10?
2
What is the value of 3 + (-9 + 2 - -3) + 0?
-1
Calculate (2 + 4 - 12) + 11.
5
Evaluate -7 - (9 + -13) - (1 - -4).
-8
What is -22 - -10 - (-17 - 5)?
10
What is 3 + 